{"id":17,"date":"2019-08-13T21:39:15","date_gmt":"2019-08-13T21:39:15","guid":{"rendered":"http:\/\/saitenlage-duo.de\/?page_id=17"},"modified":"2019-08-16T16:38:25","modified_gmt":"2019-08-16T16:38:25","slug":"bio","status":"publish","type":"page","link":"http:\/\/saitenlage-duo.de\/?page_id=17","title":{"rendered":"\u00dcber uns"},"content":{"rendered":"\n<p style=\"text-align:center\">DU SOLLTEST NIEMANDEM ETWAS VORSPIELEN, AU\u00dfER GUTE MUSIK! <br>Im Fr\u00fchjahr 2017 hat f\u00fcr uns die musikalische Zusammenarbeit begonnen und mit dem ersten Song &#8222;Wie Liebe geht&#8220; setzten wir den Startschuss f\u00fcr unser Duo SAITENLAGE. Seitdem ist einiges passiert&#8230; erste Live-Auftritte, einige Videos und ganz aktuell haben wir unser erstes Album fertiggestellt \ud83d\ude42 Wir hoffen es gef\u00e4llt Euch genauso gut wie uns. Unter dem Men\u00fcpunkt &#8222;Album&#8220; k\u00f6nnt Ihr mal reinh\u00f6ren und es auch gerne erwerben.<br>Bei unseren Live-Auftritten mischen wir unsere eigenen Songs mit deutschen Coversongs, wie z.B. Nena, Sarah Connor, Gregor Meyle, Rosenstolz uvm. Damit haben wir ein recht abwechslungsreiches Programm &#8211; deutsch, akustisch, authentisch. Mit Liedern, die von Herzen kommen, begleitet mit Gitarre, Klavier und Akkordeon wollen wir Euch ber\u00fchren. Vielleicht sehen wir uns bald&#8230;   <br><em>Kathi &amp; Christoph <\/em><\/p>\n\n\n\n<div class=\"wp-block-image\"><figure class=\"aligncenter is-resized\"><img fetchpriority=\"high\" decoding=\"async\" src=\"http:\/\/saitenlage-duo.de\/wp-content\/uploads\/2019\/08\/Saitenlage_fb2019.jpg\" alt=\"\" class=\"wp-image-69\" width=\"390\" height=\"496\" srcset=\"http:\/\/saitenlage-duo.de\/wp-content\/uploads\/2019\/08\/Saitenlage_fb2019.jpg 779w, http:\/\/saitenlage-duo.de\/wp-content\/uploads\/2019\/08\/Saitenlage_fb2019-236x300.jpg 236w, http:\/\/saitenlage-duo.de\/wp-content\/uploads\/2019\/08\/Saitenlage_fb2019-768x978.jpg 768w\" sizes=\"(max-width: 390px) 100vw, 390px\" \/><\/figure><\/div>\n","protected":false},"excerpt":{"rendered":"<p>DU SOLLTEST NIEMANDEM ETWAS VORSPIELEN, AU\u00dfER GUTE MUSIK! Im Fr\u00fchjahr 2017 hat f\u00fcr uns die musikalische Zusammenarbeit begonnen und mit dem ersten Song &#8222;Wie Liebe geht&#8220; setzten wir den Startschuss f\u00fcr unser Duo SAITENLAGE. Seitdem ist einiges passiert&#8230; erste Live-Auftritte, einige Videos und ganz aktuell haben wir unser erstes Album fertiggestellt \ud83d\ude42 Wir hoffen es [&hellip;]<\/p>\n","protected":false},"author":1,"featured_media":0,"parent":0,"menu_order":0,"comment_status":"closed","ping_status":"closed","template":"","meta":{"ocean_post_layout":"full-width","ocean_both_sidebars_style":"","ocean_both_sidebars_content_width":0,"ocean_both_sidebars_sidebars_width":0,"ocean_sidebar":"0","ocean_second_sidebar":"0","ocean_disable_margins":"on","ocean_add_body_class":"","ocean_shortcode_before_top_bar":"","ocean_shortcode_after_top_bar":"","ocean_shortcode_before_header":"","ocean_shortcode_after_header":"","ocean_has_shortcode":"","ocean_shortcode_after_title":"","ocean_shortcode_before_footer_widgets":"","ocean_shortcode_after_footer_widgets":"","ocean_shortcode_before_footer_bottom":"","ocean_shortcode_after_footer_bottom":"","ocean_display_top_bar":"default","ocean_display_header":"default","ocean_header_style":"transparent","ocean_center_header_left_menu":"0","ocean_custom_header_template":"0","ocean_custom_logo":0,"ocean_custom_retina_logo":0,"ocean_custom_logo_max_width":0,"ocean_custom_logo_tablet_max_width":0,"ocean_custom_logo_mobile_max_width":0,"ocean_custom_logo_max_height":0,"ocean_custom_logo_tablet_max_height":0,"ocean_custom_logo_mobile_max_height":0,"ocean_header_custom_menu":"0","ocean_menu_typo_font_family":"0","ocean_menu_typo_font_subset":"","ocean_menu_typo_font_size":0,"ocean_menu_typo_font_size_tablet":0,"ocean_menu_typo_font_size_mobile":0,"ocean_menu_typo_font_size_unit":"px","ocean_menu_typo_font_weight":"","ocean_menu_typo_font_weight_tablet":"","ocean_menu_typo_font_weight_mobile":"","ocean_menu_typo_transform":"","ocean_menu_typo_transform_tablet":"","ocean_menu_typo_transform_mobile":"","ocean_menu_typo_line_height":0,"ocean_menu_typo_line_height_tablet":0,"ocean_menu_typo_line_height_mobile":0,"ocean_menu_typo_line_height_unit":"","ocean_menu_typo_spacing":0,"ocean_menu_typo_spacing_tablet":0,"ocean_menu_typo_spacing_mobile":0,"ocean_menu_typo_spacing_unit":"","ocean_menu_link_color":"","ocean_menu_link_color_hover":"","ocean_menu_link_color_active":"","ocean_menu_link_background":"","ocean_menu_link_hover_background":"","ocean_menu_link_active_background":"","ocean_menu_social_links_bg":"","ocean_menu_social_hover_links_bg":"","ocean_menu_social_links_color":"","ocean_menu_social_hover_links_color":"","ocean_disable_title":"default","ocean_disable_heading":"default","ocean_post_title":"","ocean_post_subheading":"","ocean_post_title_style":"","ocean_post_title_background_color":"","ocean_post_title_background":0,"ocean_post_title_bg_image_position":"","ocean_post_title_bg_image_attachment":"","ocean_post_title_bg_image_repeat":"","ocean_post_title_bg_image_size":"","ocean_post_title_height":0,"ocean_post_title_bg_overlay":0.5,"ocean_post_title_bg_overlay_color":"","ocean_disable_breadcrumbs":"default","ocean_breadcrumbs_color":"","ocean_breadcrumbs_separator_color":"","ocean_breadcrumbs_links_color":"","ocean_breadcrumbs_links_hover_color":"","ocean_display_footer_widgets":"default","ocean_display_footer_bottom":"default","ocean_custom_footer_template":"0","footnotes":""},"class_list":["post-17","page","type-page","status-publish","hentry","entry"],"jetpack_sharing_enabled":true,"_links":{"self":[{"href":"http:\/\/saitenlage-duo.de\/index.php?rest_route=\/wp\/v2\/pages\/17","targetHints":{"allow":["GET"]}}],"collection":[{"href":"http:\/\/saitenlage-duo.de\/index.php?rest_route=\/wp\/v2\/pages"}],"about":[{"href":"http:\/\/saitenlage-duo.de\/index.php?rest_route=\/wp\/v2\/types\/page"}],"author":[{"embeddable":true,"href":"http:\/\/saitenlage-duo.de\/index.php?rest_route=\/wp\/v2\/users\/1"}],"replies":[{"embeddable":true,"href":"http:\/\/saitenlage-duo.de\/index.php?rest_route=%2Fwp%2Fv2%2Fcomments&post=17"}],"version-history":[{"count":11,"href":"http:\/\/saitenlage-duo.de\/index.php?rest_route=\/wp\/v2\/pages\/17\/revisions"}],"predecessor-version":[{"id":94,"href":"http:\/\/saitenlage-duo.de\/index.php?rest_route=\/wp\/v2\/pages\/17\/revisions\/94"}],"wp:attachment":[{"href":"http:\/\/saitenlage-duo.de\/index.php?rest_route=%2Fwp%2Fv2%2Fmedia&parent=17"}],"curies":[{"name":"wp","href":"https:\/\/api.w.org\/{rel}","templated":true}]}}